+ 5*z**2 + 2*z + 1363. List the prime factors of q(0).
29, 47
Let a(j) = -140*j + 40. List the prime factors of a(-6).
2, 5, 11
Suppose -2*b - 86 = -4*s, -2*b = 4*s + 3*b - 79. Suppose -q = 7 - 34. Suppose s = 4*o - q. List the prime factors of o.
2, 3
Suppose 15*t + 3808 = 19*t. Suppose -15*b = -32*b + t. What are the prime factors of b?
2, 7
Suppose -4*c + 2729 = p, 0 = -0*c - 5*c - 10. What are the prime factors of p?
7, 17, 23
Let z(h) = h**3 + 8*h**2 + 12*h. Let q be z(-6). Suppose q = -2*x, 5*x + 22 = 4*i + 274. Let l = i - -122. List the prime factors of l.
59
Let x(m) = -m**3 + 8*m**2 + 5*m - 12. Let r be x(8). Let n = r + -24. What are the prime factors of (-8)/2 - -64 - n?
2, 7
Let o(l) = l**3 - 5*l**2 - 6*l + 4. Let w be o(5). What are the prime factors of (-1 + w/6)*(-42)/4?
2, 7
Let w(g) = 7*g - 12. What are the prime factors of w(3)?
3
Let s(k) = k**3 + k**2 - 3*k + 2. Let u(b) = -b + 5. Let c be u(3). Let o be s(c). Suppose 4*w + o = 20. What are the prime factors of w?
3
What are the prime factors of 209/(-1)*(-60)/15?
2, 11, 19
What are the prime factors of -3 - ((-76)/95 + 5601/(-5))?
2, 13, 43
Suppose 0 = 4*a - 3440 - 44. What are the prime factors of a?
13, 67
Suppose -3*g + 0*o - 2*o - 6 = 0, -9 = -3*g + 3*o. Suppose g = -6*q + 30 - 0. What are the prime factors of q?
5
What are the prime factors of (-35)/(((-27)/(-9))/(-93))?
5, 7, 31
Suppose -9 = -5*x + 6. Suppose 0 = -4*b - 2*u + 446, -2*b + 4*u = x*u - 221. List the prime factors of b.
3, 37
Suppose v = -2*w + 1347, -4*v - 1682 = -4*w + 994. List the prime factors of w.
2, 3, 7
Let d = -500 + 936. Suppose 5*u = -3*y + d, 2*y = 3*u + 3*y - 264. What are the prime factors of u?
89
Suppose 3*r + 4*f + 19 = 6*r, -17 = -r - 4*f. Let u(v) = 17*v + 13. Let h be u(r). Suppose 3*a - h = -2*d, -d + 4 + 81 = 2*a. What are the prime factors of d?
7, 11
Let b(r) = r**3 + 6*r**2 + 14*r + 2. List the prime factors of b(7).
11, 67
Let v(c) = -c**3 + 3*c - 2*c**2 - 1 - 5 + 1 - 2*c**2. Let y = 48 + -53. What are the prime factors of v(y)?
5
Let s = 30 + -27. Suppose 813 = s*y - 279. Suppose -4*h - 3*h = -y. What are the prime factors of h?
2, 13
Suppose -79307 = -36*q - 16091. What are the prime factors of q?
2, 439
List the prime factors of (649 + 2/(-1))/1.
647
Let q = -833 + 545. Let g = -167 - q. What are the prime factors of g?
11
Suppose z - 3551 = -11*u + 9*u, -5*u + 5*z + 8885 = 0. What are the prime factors of u?
2, 3, 37
Suppose 0 = -15*z + 11*z + 252. List the prime factors of z.
3, 7
Let k = 2025 + -760. List the prime factors of k.
5, 11, 23
Let u(s) = 11*s - 18. Let k be (-4 + (-120)/(-25))/(4/30). What are the prime factors of u(k)?
2, 3
Suppose 125 = -3*m + 596. List the prime factors of m.
157
Let u be 3/3 - (2 - 4). Suppose o + t = 52 + 39, -u*o - 5*t = -281. List the prime factors of o.
3, 29
Let n = -1886 + 4267. What are the prime factors of n?
2381
Let a(r) = 2*r**2 + 22*r. List the prime factors of a(14).
2, 5, 7
Suppose -1 = -x - 3*y, -2*y = -3*x - x + 18. Suppose 2*n + 2 = x. What are the prime factors of (-1)/(n*(-1)/2)?
2
Let q = 193 + 373. List the prime factors of q.
2, 283
Suppose t - 168 = -2*t. Let p be ((1 - -4) + -5)/(-4 + 2). What are the prime factors of (-12)/24*(p - t)?
2, 7
Let u(j) = 2*j**3 - 12*j**2 + 8*j + 10. What are the prime factors of u(9)?
2, 71
Suppose -29*r + 25*r = -8. Suppose -4*z - 4*w + r*w = -336, 5*z + w = 417. Suppose -g = -2*a - 37, 4*a + 96 = 5*g - z. List the prime factors of g.
5, 7
Suppose 148 = 6*u - 434. Let g = -55 + u. What are the prime factors of g?
2, 3, 7
Suppose -2*q - 125 = 307. Let t = q - -465. What are the prime factors of t?
3, 83
Let r = -9 + 40. Let t = 78 - r. What are the prime factors of t?
47
Suppose 0 = -33*f + 8160 + 387. List the prime factors of f.
7, 37
Let k be 86/1 + (2 - 2). Suppose -63*m - 36 = -75*m. Suppose 2*s + k = o + 3*o, m*s = -4*o + 61. List the prime factors of o.
19
Let c = 107 - 8. Let u = -43 + c. List the prime factors of u.
2, 7
Suppose -2*t - z = -2*z - 49, 2*t - 44 = -4*z. List the prime factors of (3 - 0) + t + 115.
2, 71
Let x(k) = 2*k**3 - 5*k**2 + 2*k - 1. Let b be x(3). Let s = b + 32. Let l = -12 + s. List the prime factors of l.
2, 17
Let i be -3 - (36/3)/3. Let b(s) = -s**3 - 7*s**2 + 2*s + 16. Let c be b(i). Suppose z - 13 = -m, c*z + m - 25 = -0*m. List the prime factors of z.
2, 3
Suppose 5*d - 36 = -2*m, -3*d + d - m = -14. Let q = d + -3. What are the prime factors of q?
5
Let s = -135 - -141. Suppose -612 = s*c - 1800. List the prime factors of c.
2, 3, 11
Let m = 3974 - 1309. What are the prime factors of m?
5, 13, 41
Suppose -4*l + 11*l - 7 = 0. Let b be ((-2)/(-2))/(2/50). Let n = b - l. What are the prime factors of n?
2, 3
Suppose -5*c = -h - 3698, -13*h = -14*h - 3. What are the prime factors of c?
739
Let p = 1 - -1. Suppose 1 = y - 3*r, -y = p*y + 2*r - 14. Suppose m = y*c - 47, 15 = c + 2*m + m. List the prime factors of c.
2, 3
Suppose 7 + 29 = -3*t. Let c = -10 - t. What are the prime factors of (-70)/(-2) - (c + -2)?
5, 7
List the prime factors of 266 - (6 - 28/4).
3, 89
Let q(k) = -2*k - k + 0 + 2 - 12*k. Let j be q(-3). Let s = -14 + j. List the prime factors of s.
3, 11
Let g(n) = n**3 + 4*n**2 - 5*n + 4. Let r be g(-5). Let i be (3 - 104/20) + (-2)/(-10). Let k = r + i. What are the prime factors of k?
2
Suppose 2*m - 2 = -2. Suppose m = 6*l - 3*l - 399. What are the prime factors of l?
7, 19
Suppose -2*y + 4*v = 1463 - 8027, -3273 = -y - v. List the prime factors of y.
2, 3, 7, 13
Suppose 20 - 220 = 5*v. List the prime factors of (0 - 40/25)/(2/v).
2
Let z = -196 - -33. Let d = 35 - z. List the prime factors of d/10 - 5/(-25).
2, 5
Let s(f) = 6*f**2 + f - 7. Let z(y) = 6*y**2 + 2*y - 8. Let b(x) = 4*s(x) - 3*z(x). What are the prime factors of b(3)?
2, 11
Suppose 53 = -2*s + 49. What are the prime factors of (s/(-28) + (-3)/(-7))*296?
2, 37
Suppose -3*l = -q - 9, -5*q + 7 = l + 4. Suppose -46 = -2*g - 0*g. Let c = q + g. List the prime factors of c.
23
Let d be ((-4)/3)/(6/18). Let o(p) = p**3 + 4*p**2 - 5*p - 2. What are the prime factors of o(d)?
2, 3
Suppose j = -2*j + 15. Let l(v) = -1 + 2*v**2 + v**2 + v**3 + 0*v**3 - j*v**2. List the prime factors of l(4).
31
Let k be ((-4)/(-10))/(2/320). Let q = -29 + k. What are the prime factors of q?
5, 7
Let d = 1 + 2. Suppose 146 = d*s - 7. List the prime factors of s.
3, 17
Suppose 0*d = -4*d + 8. Let o be (-1)/(6/(-117))*d. Suppose 5*c + 125 = -0*b + 3*b, b + c = o. List the prime factors of b.
2, 5
Suppose 0 = -2*b + b - 6. Let n(p) be the first derivative of -5*p**2/2 - p + 58. What are the prime factors of n(b)?
29
Let t(k) = 123*k + 21. What are the prime factors of t(5)?
2, 3, 53
Let o(r) be the first derivative of r**3 + 3*r**2/2 + 10*r + 36. List the prime factors of o(-6).
2, 5
What are the prime factors of (2445 - -2) + (-20)/(-2)?
3, 7, 13
Suppose 0 = 5*c + 5*w - 5, 2*c + 5*w + 7 = 0. What are the prime factors of (10/((-5)/(-1)))/(c/194)?
97
Let r = 1 + 5. List the prime factors of (12/(-2))/(r + 1734/(-288)).
2, 3
Let s be (-2)/3 + (-4)/(-6). Let n be (-1)/(-2)*s/3. Suppose -w + 5*w - 208 = n. List the prime factors of w.
2, 13
Suppose 5*y = l + 11, -3*l + 7 = -3*y + l. Suppose -x + k = -12, 5*x + 6*k - 2*k = 96. Suppose y*r + f = 101, -x = 2*f + 2*f. What are the prime factors of r?
5, 7
Let u(i) = i + 11. Let h be u(-7). Suppose -196 = -h*f - 72. What are the prime factors of f?
31
Let o(t) = -t**2 - 119*t - 173. What are the prime factors of o(-80)?
7, 421
Suppose 41 = -4*p + 3*g + 562, -4*p = 4*g - 500. What are the prime factors of p?
2
Let x(h) = -78*h - 2. Let b(t) = 78*t + 2. Let j(v) = 4*b(v) + 5*x(v). List the prime factors of j(-3).
2, 29
Suppose -3*v = 11*r - 8*r - 30, 10 = -2*v + 4*r. Suppose -2*a + v*x + 407 = 0, -4*x = a + a - 416. List the prime factors of a.
2, 103
Let c(y) = 2*y**3 - 2*y**2 + 8*y - 13. Let g(o) = o**3 - o**2 + o. Let r(p) = -c(p) + 5*g(p). List the prime factors of r(3).
2, 29
Suppose -m + 1497 = 5*y - 4*m, y - 277 = -5*m. List the prime factors of y.
3, 11
Let d(h) = -443*h - 71. List the prime factors of d(-4).
3, 7
Let c(z) = 60*z - 34. Let s be c(-9). What are the prime factors of (28/22)/(-7) + s/(-11)?
2, 13
Let c(s) = -1712*s - 6. List the prime